{"id":14,"date":"2024-02-28T20:54:46","date_gmt":"2024-02-28T23:54:46","guid":{"rendered":"https:\/\/letrasportugues.unilab.edu.br\/?page_id=14"},"modified":"2024-06-28T19:56:26","modified_gmt":"2024-06-28T22:56:26","slug":"projetos","status":"publish","type":"page","link":"https:\/\/letrasportugues.unilab.edu.br\/?page_id=14","title":{"rendered":"Projetos"},"content":{"rendered":"\n<div class=\"wp-block-columns is-layout-flex wp-container-core-columns-is-layout-9d6595d7 wp-block-columns-is-layout-flex\">\n<div class=\"wp-block-column is-vertically-aligned-top is-layout-flow wp-block-column-is-layout-flow\" style=\"flex-basis:100%\">\n<div class=\"wp-block-group\"><div class=\"wp-block-group__inner-container is-layout-constrained wp-block-group-is-layout-constrained\">\n<div class=\"wp-block-columns is-layout-flex wp-container-core-columns-is-layout-9d6595d7 wp-block-columns-is-layout-flex\">\n<div class=\"wp-block-column is-vertically-aligned-center is-layout-flow wp-block-column-is-layout-flow\" style=\"font-size:14px;flex-basis:100%\">\n<p style=\"font-size:15px\"><\/p>\n\n\n\n<div class=\"wp-block-media-text is-stacked-on-mobile is-vertically-aligned-top is-style-default\" style=\"grid-template-columns:24% auto\"><figure class=\"wp-block-media-text__media\"><img fetchpriority=\"high\" decoding=\"async\" width=\"768\" height=\"1024\" src=\"https:\/\/letrasportugues.unilab.edu.br\/wp-content\/uploads\/2024\/04\/foto_lattes-768x1024.jpg\" alt=\"Professor Dr. Lucas Porto De Queiroz\" class=\"wp-image-352 size-full\" srcset=\"https:\/\/letrasportugues.unilab.edu.br\/wp-content\/uploads\/2024\/04\/foto_lattes-768x1024.jpg 768w, https:\/\/letrasportugues.unilab.edu.br\/wp-content\/uploads\/2024\/04\/foto_lattes-225x300.jpg 225w, https:\/\/letrasportugues.unilab.edu.br\/wp-content\/uploads\/2024\/04\/foto_lattes.jpg 960w\" sizes=\"(max-width: 768px) 100vw, 768px\" \/><\/figure><div class=\"wp-block-media-text__content\">\n<p class=\"has-text-align-center\" style=\"font-size:18px\"><strong>Projeto de extens\u00e3o: Minhas pequenas mem\u00f3rias tuas<\/strong><\/p>\n\n\n\n<p class=\"has-text-align-left\" style=\"font-size:16px\">Lotado no setor de estudos de Leitura e Produ\u00e7\u00e3o de Texto, pesquisa e orienta trabalhos na \u00e1rea de semi\u00f3tica discursiva, com \u00eanfase na an\u00e1lise de textos verbais e verbovisuais. Coordena tamb\u00e9m o projeto de extens\u00e3o &#8220;Minhas pequenas mem\u00f3rias tuas&#8221;, que tem como objetivo principal ecoar, na forma de cr\u00f4nicas liter\u00e1rias, mem\u00f3rias de cada um(a) dos(as) participantes (alunes da Unilab, familiares dos discentes e funcion\u00e1rios terceirizados que atuam na universidade).<\/p>\n\n\n\n<p><mark style=\"background-color:rgba(0, 0, 0, 0)\" class=\"has-inline-color has-vivid-cyan-blue-color\"><strong>Professor Dr. Lucas Porto De Queiroz<\/strong><\/mark><\/p>\n<\/div><\/div>\n<\/div>\n<\/div>\n<\/div><\/div>\n<\/div>\n<\/div>\n\n\n\n<hr class=\"wp-block-separator has-alpha-channel-opacity\"\/>\n\n\n\n<div class=\"wp-block-group has-small-font-size\"><div class=\"wp-block-group__inner-container is-layout-constrained wp-block-group-is-layout-constrained\">\n<div class=\"wp-block-columns are-vertically-aligned-center is-layout-flex wp-container-core-columns-is-layout-9d6595d7 wp-block-columns-is-layout-flex\">\n<div class=\"wp-block-column is-vertically-aligned-center is-layout-flow wp-block-column-is-layout-flow\" style=\"font-size:15px;flex-basis:100%\">\n<p style=\"font-size:15px\"><\/p>\n\n\n\n<div class=\"wp-block-media-text is-stacked-on-mobile is-vertically-aligned-top is-style-default\" style=\"grid-template-columns:25% auto\"><figure class=\"wp-block-media-text__media\"><img decoding=\"async\" width=\"795\" height=\"1024\" src=\"https:\/\/letrasportugues.unilab.edu.br\/wp-content\/uploads\/2024\/04\/WhatsApp-Image-2024-03-28-at-13.04.27-795x1024.jpeg\" alt=\"\" class=\"wp-image-355 size-full\" srcset=\"https:\/\/letrasportugues.unilab.edu.br\/wp-content\/uploads\/2024\/04\/WhatsApp-Image-2024-03-28-at-13.04.27-795x1024.jpeg 795w, https:\/\/letrasportugues.unilab.edu.br\/wp-content\/uploads\/2024\/04\/WhatsApp-Image-2024-03-28-at-13.04.27-233x300.jpeg 233w, https:\/\/letrasportugues.unilab.edu.br\/wp-content\/uploads\/2024\/04\/WhatsApp-Image-2024-03-28-at-13.04.27-768x989.jpeg 768w, https:\/\/letrasportugues.unilab.edu.br\/wp-content\/uploads\/2024\/04\/WhatsApp-Image-2024-03-28-at-13.04.27.jpeg 838w\" sizes=\"(max-width: 795px) 100vw, 795px\" \/><\/figure><div class=\"wp-block-media-text__content\">\n<p class=\"has-text-align-center\" style=\"font-size:18px\"><strong>Projeto vinculado a Edital:&nbsp;Regimes funcionais de par\u00e1frases e cita\u00e7\u00f5es em artigos acad\u00eamicos da cultura disciplinar da lingu\u00edstica (2023-01 Pibic-Unilab-IC (IC)<\/strong><\/p>\n\n\n\n<p style=\"font-size:16px\">O objetivo do projeto \u00e9 analisar cita\u00e7\u00f5es e par\u00e1frases em artigos acad\u00eamicos da \u00e1rea da lingu\u00edstica, buscando refinar a tipologia apresentada para o par\u00e2metro funcional da intertextualidade. A hip\u00f3tese central \u00e9 que o aspecto funcional das rela\u00e7\u00f5es intertextuais \u2013 at\u00e9 ent\u00e3o praticamente centrado da dicotomia capta\u00e7\u00e3o x subvers\u00e3o \u2013 pode ser enriquecido quando nele s\u00e3o aplicadas as fun\u00e7\u00f5es de&nbsp;responsabilidade e verdade do discurso relatado; e aos posicionamentos de engajamento, de poder e de autoridade.<\/p>\n\n\n\n<p class=\"has-text-align-center\" style=\"font-size:18px\"><strong>Projetos de pesquisa n\u00e3o vinculados a Editais (desenvolvidos mediante orienta\u00e7\u00f5es na gradua\u00e7\u00e3o e na p\u00f3s):<\/strong><\/p>\n\n\n\n<p><em>Investiga\u00e7\u00f5es sobre aspectos formais e funcionais de rela\u00e7\u00f5es Intertextuais<\/em><\/p>\n\n\n\n<p style=\"font-size:16px\">O projeto de pesquisa Estudos de Rela\u00e7\u00f5es Intertextuais, vinculado ao grupo de pesquisa DiTeD Di\u00e1logos em Texto e Discurso, tem como objetivo estudar as rela\u00e7\u00f5es intertextuais em objetos e corpora diversos a partir de bases te\u00f3ricas como Genette (2010), Koch, Bentes e Cavalcante (2007), Nobre (2014) dentre outros. Considerando-se as bases te\u00f3ricas apresentadas, podem ser temas de estudo investiga\u00e7\u00f5es acerca das rela\u00e7\u00f5es transtextuais (Genette), a saber, intertextuais, metatextuais, paratextuais, hipertextuais e arquitextuais; as rela\u00e7\u00f5es por copresen\u00e7a ou por deriva\u00e7\u00e3o (conforme Koch, Bentes e Cavalcante, 2007); os par\u00e2metros da intertextualidade (Nobre, 2014); bem como estudos que abordem par\u00e1frases e retextualiza\u00e7\u00f5es de diversas ordens, a intergenericidade e outros fen\u00f4menos que envolvem di\u00e1logos e sobreposi\u00e7\u00e3o de textos, vozes e discursos.<\/p>\n\n\n\n<p class=\"has-text-align-center\" style=\"font-size:18px\"><strong>Estudos em discurso pol\u00edtico: abordagens textuais e discursivas<\/strong><\/p>\n\n\n\n<p style=\"font-size:16px\">O projeto de pesquisa Estudos em Discurso Pol\u00edtico, vinculado ao grupo de pesquisa DiTeD Di\u00e1logos em Texto e Discurso, tem como objetivo estudar aspectos textuais e discursivos salientes \u00e0s pr\u00e1ticas que determinam decis\u00f5es coletivas que se pautam na organiza\u00e7\u00e3o da vida social. As pesquisas desenvolvidas no \u00e2mbito deste projeto podem trazer como arcabou\u00e7o te\u00f3rico a lingu\u00edstica textual e a an\u00e1lise do discurso. Nesse \u00ednterim, podem ser objetos de estudo g\u00eaneros textuais produzidos por quaisquer inst\u00e2ncias do dispositivo pol\u00edtico (Charaudeau, 2008), a saber, inst\u00e2ncia pol\u00edtica, inst\u00e2ncia midi\u00e1tica, inst\u00e2ncia cidad\u00e3; e podem ser temas de estudo investiga\u00e7\u00f5es acerca do g\u00eanero textual\/discursivo, do ethos discursivo, da estrutura argumentativa, da polidez, da topicalidade dentre outros temas de relev\u00e2ncia.<\/p>\n\n\n\n<p><strong><mark style=\"background-color:rgba(0, 0, 0, 0)\" class=\"has-inline-color has-vivid-cyan-blue-color\">Professor Dr. Kennedy Cabral Nobre<\/mark><\/strong><\/p>\n<\/div><\/div>\n<\/div>\n<\/div>\n<\/div><\/div>\n\n\n\n<hr class=\"wp-block-separator has-alpha-channel-opacity\"\/>\n\n\n\n<div class=\"wp-block-media-text is-stacked-on-mobile\" style=\"grid-template-columns:28% auto\"><figure class=\"wp-block-media-text__media\"><img decoding=\"async\" width=\"831\" height=\"892\" src=\"https:\/\/letrasportugues.unilab.edu.br\/wp-content\/uploads\/2024\/04\/FOTO.2024-1.jpg\" alt=\"\" class=\"wp-image-491 size-full\" srcset=\"https:\/\/letrasportugues.unilab.edu.br\/wp-content\/uploads\/2024\/04\/FOTO.2024-1.jpg 831w, https:\/\/letrasportugues.unilab.edu.br\/wp-content\/uploads\/2024\/04\/FOTO.2024-1-279x300.jpg 279w, https:\/\/letrasportugues.unilab.edu.br\/wp-content\/uploads\/2024\/04\/FOTO.2024-1-768x824.jpg 768w\" sizes=\"(max-width: 831px) 100vw, 831px\" \/><\/figure><div class=\"wp-block-media-text__content\">\n<p class=\"has-text-align-center\" style=\"font-size:18px\"><strong>Projeto de extens\u00e3o<\/strong><\/p>\n\n\n\n<p style=\"font-size:16px\">O projeto tem como a\u00e7\u00e3o o ensino b\u00e1sico presencial da L\u00edngua Brasileira de Sinais &#8211; Libras para discentes e servidores da comunidade acad\u00eamica da Universidade da Integra\u00e7\u00e3o Internacional da Lusofonia Afro-Brasileira. Espera-se que os participantes adquiram no\u00e7\u00f5es b\u00e1sicas em Libras e concluam sensibilizados para a import\u00e2ncia da comunica\u00e7\u00e3o e acerca da acessibilidade e inclus\u00e3o, sobretudo no espa\u00e7o acad\u00eamico.<\/p>\n\n\n\n<p class=\"has-vivid-cyan-blue-color has-text-color has-link-color wp-elements-915cc8d8ed7471486bd1ef3c952a3b82\" style=\"font-size:15px\"><strong>Professor Francisco Raimundo Holanda Vasconcelos<\/strong><\/p>\n<\/div><\/div>\n\n\n\n<hr class=\"wp-block-separator has-alpha-channel-opacity\"\/>\n\n\n\n<div class=\"wp-block-media-text is-stacked-on-mobile\" style=\"grid-template-columns:28% auto\"><figure class=\"wp-block-media-text__media\"><img loading=\"lazy\" decoding=\"async\" width=\"1024\" height=\"1024\" src=\"https:\/\/letrasportugues.unilab.edu.br\/wp-content\/uploads\/2024\/04\/WhatsApp-Image-2024-04-25-at-17.07.16-1024x1024.jpeg\" alt=\"\" class=\"wp-image-494 size-full\" srcset=\"https:\/\/letrasportugues.unilab.edu.br\/wp-content\/uploads\/2024\/04\/WhatsApp-Image-2024-04-25-at-17.07.16-1024x1024.jpeg 1024w, https:\/\/letrasportugues.unilab.edu.br\/wp-content\/uploads\/2024\/04\/WhatsApp-Image-2024-04-25-at-17.07.16-300x300.jpeg 300w, https:\/\/letrasportugues.unilab.edu.br\/wp-content\/uploads\/2024\/04\/WhatsApp-Image-2024-04-25-at-17.07.16-150x150.jpeg 150w, https:\/\/letrasportugues.unilab.edu.br\/wp-content\/uploads\/2024\/04\/WhatsApp-Image-2024-04-25-at-17.07.16-768x768.jpeg 768w, https:\/\/letrasportugues.unilab.edu.br\/wp-content\/uploads\/2024\/04\/WhatsApp-Image-2024-04-25-at-17.07.16.jpeg 1080w\" sizes=\"(max-width: 1024px) 100vw, 1024px\" \/><\/figure><div class=\"wp-block-media-text__content\">\n<p class=\"has-text-align-center\" style=\"font-size:18px\"><strong>Projeto de extens\u00e3o: Gira das Yab\u00e1s<\/strong><\/p>\n\n\n\n<p style=\"font-size:16px\">Coordenadora do curso de Letras-L\u00edngua Portuguesa do Instituto de Linguagens e Literaturas, desenvolve pesquisas e orienta trabalhos na \u00e1rea da decolonialidade. Coordena tamb\u00e9m o projeto de extens\u00e3o &#8220;Gira das Yab\u00e1s: Corpos em movimentos&#8221;, que tem como objetivo partilhar saberes com mestras e mestres da cultura em colabora\u00e7\u00e3o direta com a diversidade da integra\u00e7\u00e3o da UNILAB, assim como o grupo de estudos decoloniais e educa\u00e7\u00e3o cr\u00edtica.<\/p>\n\n\n\n<p class=\"has-vivid-cyan-blue-color has-text-color has-link-color wp-elements-cc04db7551f3991974716bb9fb91ad03\" style=\"font-size:15px\"><strong>Professora Dra. Juliana Ge\u00f3rgia Gon\u00e7alves de Ara\u00fajo<\/strong><br><\/p>\n<\/div><\/div>\n\n\n\n<div class=\"wp-block-group\"><div class=\"wp-block-group__inner-container is-layout-constrained wp-block-group-is-layout-constrained\">\n<p style=\"font-size:18px\"><\/p>\n<\/div><\/div>\n\n\n\n<hr class=\"wp-block-separator has-alpha-channel-opacity\"\/>\n\n\n\n<div class=\"wp-block-media-text is-stacked-on-mobile is-vertically-aligned-top\" style=\"grid-template-columns:26% auto\"><figure class=\"wp-block-media-text__media\"><img loading=\"lazy\" decoding=\"async\" width=\"913\" height=\"1024\" src=\"https:\/\/letrasportugues.unilab.edu.br\/wp-content\/uploads\/2024\/06\/Claudia-Carioca-1-913x1024.jpeg\" alt=\"\" class=\"wp-image-516 size-full\" srcset=\"https:\/\/letrasportugues.unilab.edu.br\/wp-content\/uploads\/2024\/06\/Claudia-Carioca-1-913x1024.jpeg 913w, https:\/\/letrasportugues.unilab.edu.br\/wp-content\/uploads\/2024\/06\/Claudia-Carioca-1-267x300.jpeg 267w, https:\/\/letrasportugues.unilab.edu.br\/wp-content\/uploads\/2024\/06\/Claudia-Carioca-1-768x862.jpeg 768w, https:\/\/letrasportugues.unilab.edu.br\/wp-content\/uploads\/2024\/06\/Claudia-Carioca-1.jpeg 1141w\" sizes=\"(max-width: 913px) 100vw, 913px\" \/><\/figure><div class=\"wp-block-media-text__content\">\n<p class=\"has-text-align-center\" style=\"font-size:18px\"><strong>Projeto de extens\u00e3o: grupo tabonga Moz (PJ083-2024)<\/strong><\/p>\n\n\n\n<p style=\"font-size:16px\">Objetiva proporcionar um trabalho art\u00edstico musical, que possa ser um espa\u00e7o de interc\u00e2mbio de experi\u00eancias vividas e de integra\u00e7\u00e3o entre a complexidade musical das v\u00e1rias express\u00f5es culturais das etnias africanas e das v\u00e1rias matrizes de forma\u00e7\u00e3o do povo brasileiro, principalmente dando lugar \u00e0 cultura mo\u00e7ambicana. A prepara\u00e7\u00e3o musical vai proporcionar que o grupo se torne um lugar de difus\u00e3o cultural, uma vez que existir\u00e3o as trocas das experi\u00eancias musicais, proporcionando condi\u00e7\u00f5es para a sa\u00fade mental, uma vez que a socializa\u00e7\u00e3o e integra\u00e7\u00e3o auxiliam no processo de melhor qualidade de vida estudantil e comunit\u00e1rio, tornando-se um espa\u00e7o de intencionalidade de conviv\u00eancia. Al\u00e9m de um trabalho art\u00edstico em primeira m\u00e3o, o grupo tamb\u00e9m se torna um local de troca de saberes, a partir do momento em que os estudantes africanos est\u00e3o \u00e0 frente na composi\u00e7\u00e3o de suas pr\u00f3prias m\u00fasicas, na escolha de repert\u00f3rio, na produ\u00e7\u00e3o de arranjos, na fus\u00e3o da m\u00fasica tradicional com a moderna, na produ\u00e7\u00e3o de exerc\u00edcios voltados para a voz e organiza\u00e7\u00e3o de t\u00e9cnica de ensaio.<\/p>\n\n\n\n<p class=\"has-small-font-size\"><\/p>\n\n\n\n<p class=\"has-text-align-center\" style=\"font-size:18px\"><strong>Projeto de pesquisa:&nbsp;an\u00e1lise da compet\u00eancia escrita atrav\u00e9s do uso do laborat\u00f3rio de reda\u00e7\u00e3o nos munic\u00edpios de Aratuba, Guaramiranga e Mulungu no Maci\u00e7o de Baturit\u00e9-CE (PVL2147-2024)<\/strong><\/p>\n\n\n\n<p style=\"font-size:16px\">Esta pesquisa objetiva oferecer uma estrat\u00e9gia para o desenvolvimento da capacidade lingu\u00edstica dos educandos da rede p\u00fablica pelo uso do laborat\u00f3rio de reda\u00e7\u00e3o no ensino m\u00e9dio de escolas de Aratuba, Guaramiranga e Mulungu do Maci\u00e7o de Baturit\u00e9-CE. Atrav\u00e9s da reg\u00eancia da componente curricular Leitura e Produ\u00e7\u00e3o de Textos que est\u00e1 inserida na grade curricular de todos os cursos da Unilab no seu primeiro semestre, percebemos que muitos estudantes residentes no Maci\u00e7o de Baturit\u00e9-CE tem comprometido seu rendimento acad\u00eamico por causa da baixa qualidade da escrita manifesta ao longo do processo de ensino-aprendizagem de l\u00edngua portuguesa executado na rede p\u00fablica, de onde se origina a maioria dos estudantes. Assim, o problema a ser abordado \u00e9 \u201cquais fatores lingu\u00edsticos prejudicam a compet\u00eancia na escrita dos estudantes do Maci\u00e7o de Baturit\u00e9-CE?\u201d e a hip\u00f3tese cient\u00edfica que levantamos \u00e9 a de que a coes\u00e3o-coer\u00eancia s\u00e3o os fatores lingu\u00edsticos que mais prejudicam a compet\u00eancia na escrita dos estudantes oriundos do Maci\u00e7o do Baturit\u00e9 tendo em vista a falta de a\u00e7\u00f5es no ensino do portugu\u00eas que desenvolvam o g\u00eanero textual reda\u00e7\u00e3o usando a tipologia dissertativa-argumentativa, proporcionando o combate \u00e0 desigualdade social pela melhoria do uso da l\u00edngua portuguesa oral e escrita pelos moradores do Maci\u00e7o do Baturit\u00e9 que intentam melhorar profissionalmente, que almejam fazer concursos p\u00fablicos e que desejam estudar numa universidade.<\/p>\n\n\n\n<p class=\"has-vivid-cyan-blue-color has-text-color has-link-color wp-elements-ab20498027ddddf6503232f72fc3c399\" style=\"font-size:16px\"><strong>Professora Dra. Cl\u00e1udia Ramos Carioca<\/strong><\/p>\n<\/div><\/div>\n","protected":false},"excerpt":{"rendered":"<p>Projeto de extens\u00e3o: Minhas pequenas mem\u00f3rias tuas Lotado no setor de estudos de Leitura e Produ\u00e7\u00e3o de Texto, pesquisa e orienta trabalhos na \u00e1rea de semi\u00f3tica discursiva, com \u00eanfase na an\u00e1lise de textos verbais e verbovisuais. Coordena tamb\u00e9m o projeto de extens\u00e3o &#8220;Minhas pequenas mem\u00f3rias tuas&#8221;, que tem como objetivo principal ecoar, na forma de [&hellip;]<\/p>\n","protected":false},"author":2,"featured_media":0,"parent":0,"menu_order":0,"comment_status":"closed","ping_status":"closed","template":"","meta":{"footnotes":""},"class_list":["post-14","page","type-page","status-publish","hentry"],"_links":{"self":[{"href":"https:\/\/letrasportugues.unilab.edu.br\/index.php?rest_route=\/wp\/v2\/pages\/14","targetHints":{"allow":["GET"]}}],"collection":[{"href":"https:\/\/letrasportugues.unilab.edu.br\/index.php?rest_route=\/wp\/v2\/pages"}],"about":[{"href":"https:\/\/letrasportugues.unilab.edu.br\/index.php?rest_route=\/wp\/v2\/types\/page"}],"author":[{"embeddable":true,"href":"https:\/\/letrasportugues.unilab.edu.br\/index.php?rest_route=\/wp\/v2\/users\/2"}],"replies":[{"embeddable":true,"href":"https:\/\/letrasportugues.unilab.edu.br\/index.php?rest_route=%2Fwp%2Fv2%2Fcomments&post=14"}],"version-history":[{"count":42,"href":"https:\/\/letrasportugues.unilab.edu.br\/index.php?rest_route=\/wp\/v2\/pages\/14\/revisions"}],"predecessor-version":[{"id":518,"href":"https:\/\/letrasportugues.unilab.edu.br\/index.php?rest_route=\/wp\/v2\/pages\/14\/revisions\/518"}],"wp:attachment":[{"href":"https:\/\/letrasportugues.unilab.edu.br\/index.php?rest_route=%2Fwp%2Fv2%2Fmedia&parent=14"}],"curies":[{"name":"wp","href":"https:\/\/api.w.org\/{rel}","templated":true}]}}